 highest common factor of 255 and k.
15
Let m be 18/6 - (-1)/(-1). Suppose -m = 5*i + 3. Let a be (i + 21)/((-6)/(-21)). What is the greatest common divisor of 28 and a?
14
Suppose 21 = 5*q - 4. Let l be (-114)/(-4) - ((-2)/4)/1. Let x = l - q. Calculate the highest common divisor of 6 and x.
6
Let b be ((-1)/(-1 + -2))/(33/990). What is the greatest common divisor of 75 and b?
5
Let k(i) = -5*i - 7 + 3*i + 5*i + i. Let j be k(2). Calculate the greatest common factor of 7 and j.
1
Suppose 20*n - 180 = 10*n. Let l(t) = 5*t**2 - 3*t + 4. Let k be l(4). Calculate the highest common factor of n and k.
18
Let d(j) = -15*j - 2. Let w be d(-6). Let p be (-82)/697 - (-1128)/51. What is the greatest common factor of w and p?
22
Let a be 3 - 5 - -1*7. Suppose -a*f - 114 = 71. Let q = 53 + f. Calculate the highest common divisor of q and 24.
8
Suppose -46*q + 53*q = 1120. What is the greatest common factor of q and 208?
16
Let j(d) = -d**3 + 6*d**2 + 9*d - 6. Let t = -13 + 8. Let l = t - -11. Let x be j(l). What is the greatest common factor of 6 and x?
6
Let a(n) = 2*n + 14. Let l be a(-5). Suppose 0 = b - 5*h - 2, h - 3*h + 8 = l*b. Let u be b/(-6) - 20/(-6). What is the highest common divisor of u and 6?
3
Suppose -52 - 83 = -3*m. Let i = -40 + m. What is the highest common factor of 10 and i?
5
Let l(v) = 480*v + 8. Let i be l(2). Suppose 12*y - y - i = 0. What is the greatest common factor of 11 and y?
11
Let l be 30/7 + 2/(-7). Let d(q) = q**2 - 16*q + 48. Let p be d(14). Suppose 7*u = 6*u + p. Calculate the highest common factor of u and l.
4
Let c(i) = 2*i**2 - 21*i + 8. Let m be c(10). Let l be -14 + 12 - 464/m. Calculate the highest common factor of l and 92.
46
Let c be ((-294)/35)/((-6)/120). What is the highest common factor of c and 63?
21
Let j(f) = -f + 3. Let t = -14 + 17. Let a be j(t). Let y be 17 + a + 3 + -4. What is the highest common factor of y and 128?
16
Let v(s) = -3*s - 11. Let b be v(-8). Suppose 5*p - 104 = g - 5*g, g - b = 2*p. Suppose 29*k + 0 = 50 + 37. Calculate the highest common divisor of g and k.
3
Let h(j) = j**2 + 2*j + 3. Let r be h(-3). Suppose -10*q = -12*q + r. What is the highest common divisor of 6 and q?
3
Suppose 5*b - 327 = -3*k, 0*b + b - 5*k = 43. What is the greatest common factor of b and 27?
9
Let k = -1 - -67. Suppose 16 = 4*s, b + 3*s = -b + 342. What is the greatest common factor of b and k?
33
Suppose 0 = p - 3*y + 5 - 0, -10 = -4*p - 3*y. Let d(l) = 19*l**2 - 2*l + 3. Let s be d(p). Calculate the greatest common factor of s and 8.
4
Suppose 335*u + 4 = 336*u, 0 = -2*t + 4*u. Let w(j) = 7*j**3 + j**2. Let l be w(1). What is the highest common divisor of l and t?
8
Let g be 56/4 + (-1)/(-1). Suppose -16*f + 309 = -171. Calculate the greatest common factor of f and g.
15
Let b be 10/25 - 2253/(-5). Suppose -5*d - b = -4*t - 26, 3*t - 425 = 5*d. Let p = -43 - d. What is the greatest common divisor of 6 and p?
6
Suppose -4 = -2*a + 20. What is the highest common divisor of a and 16?
4
Let j be 2/(-6)*225/(-5). Let v(l) = -6*l**2 + 6*l**2 + 6 + l**3 - j*l. Let a be v(6). Calculate the greatest common factor of 12 and a.
12
Suppose -4*a = 0, 5*s - 5*a + 147 = 447. Let k = 2 - -8. What is the greatest common factor of k and s?
10
Let x be (28 - 1)*(-4)/(-12). Suppose -6*g + x = -5*g. What is the greatest common divisor of g and 9?
9
Let h(g) = -10*g + 6. Let p be h(2). Let b(c) = c**3 + 14*c**2 + 7. Let w be b(p). Let x = -85 - -141. Calculate the greatest common factor of w and x.
7
Let b(k) = 2*k + 45. Let i be b(-15). Let s = 54 - 44. Calculate the greatest common factor of i and s.
5
Let z(s) = -2*s + 4. Let h(f) = f + 9. Let c be h(-13). Let u be z(c). Let g be (-4165)/(-42) + (-2)/u. What is the highest common divisor of g and 11?
11
Let x(w) = -3*w + 13. Let s(q) = -4*q + 13. Let g(o) = -2*s(o) + 3*x(o). Let i be g(17). Let n = i - -18. Calculate the highest common divisor of n and 21.
7
Let m = -678 + 834. Calculate the greatest common factor of m and 364.
52
Suppose 2*d = -140 + 350. Suppose -5*s = -t + 43 - 10, 3*s = -2*t + d. What is the greatest common factor of t and 16?
16
Let n be (55/33)/((-2)/(-42)). Let k be (1 - 73/2)*-2. Suppose -4*f = 2*h - 54, -5*f + 0*h + h = -k. What is the greatest common divisor of n and f?
7
Suppose 82 = 2*u - l, 8*u - 194 = 3*u - 3*l. Suppose -a = 2*a - 12. Let p be (6/a)/((-15)/(-200)). What is the greatest common divisor of u and p?
20
Let b be (1/(-3))/(1*(-3)/18). Let x be (-1 - -1 - b) + 52. Calculate the greatest common divisor of 125 and x.
25
Suppose 0*u - 1 = -u. Suppose 8 = p - u. Suppose -3*y + 16 = y + 4*r, 2*r + 7 = 3*y. What is the greatest common factor of y and p?
3
Let r be (-72)/1*126/(-189). What is the greatest common divisor of 204 and r?
12
Let n(p) = -43*p**3 + 3*p**2 + p. Let k be n(-1). Calculate the greatest common divisor of 15 and k.
15
Let l be 2/10 - (-944)/5. Let k = -122 - -13. Let o = -82 - k. Calculate the highest common factor of o and l.
27
Let w be 520/78 - (-6)/(-9). Let s be -2*(-2)/4*15. Calculate the greatest common factor of s and w.
3
Let v(w) be the second derivative of 2*w**3/3 + 6*w**2 + 21*w. Let j be v(4). Calculate the greatest common divisor of j and 70.
14
Let z(b) = b**2 + 4*b - 6. Let u be z(4). Suppose m = -m - 472. Let r = 470 + m. Calculate the greatest common divisor of u and r.
26
Let m(u) = -u**3 + 20*u**2 - 14*u + 5. Let h be m(19). Let w = 104 + h. What is the greatest common factor of 17 and w?
17
Let k(i) be the second derivative of 3*i**3 - 18*i. Suppose 0 = 2*u + 2*u + 20, -12 = 3*v + 3*u. Let h be k(v). Calculate the highest common factor of 2 and h.
2
Let d be (-2)/(-4)*18 - -2. Suppose -6*w + d*w = 145. Let a = 41 - w. What is the greatest common factor of 3 and a?
3
Let y(g) = -g**2 - 18*g - 12. Let p be y(-7). Let f = 93 - p. What is the greatest common divisor of 70 and f?
14
Let p(x) = 57*x - 135. Let s be p(3). Calculate the greatest common factor of s and 4.
4
Let m = 34 + 26. Let v(a) = a**3 + 27*a**2 + 26*a + 5. Let u be v(-26). Let i be 48/m + 1/u. Calculate the highest common factor of 7 and i.
1
Suppose 8*q = -b + 9*q + 59, -3*b + 181 = -q. Let o = b + -31. What is the highest common factor of 120 and o?
30
Let t be (-36)/90*(31*-1 - -1). Suppose -t*j + 680 - 236 = 0. Calculate the highest common factor of 296 and j.
37
Let k be 8/(-12) + 14/3. Suppose k*v + 12 = 0, -4*c + 78 = -5*v - 181. Let i = c + -37. Calculate the highest common factor of i and 16.
8
Let x be -2*(-2 + (-6)/(-2)). Let g be x + -1 + 124/2. Suppose -g = -i + 31. Calculate the highest common divisor of 60 and i.
30
Suppose -4*y + 3*y + 18 = 4*t, 0 = -2*y - 4*t + 20. Suppose y*k + 52 = h, 0*h + 4*h - 216 = 4*k. What is the highest common factor of h and 8?
8
Let z = 51 - 47. Suppose z*y = -2*y + 192. Calculate the greatest common divisor of y and 4.
4
Let w be 0 + (-3 - -182) - -3. Suppose 0 = 2*t - w + 10. Let z = -14 + t. What is the greatest common factor of z and 9?
9
Suppose 0 = -3*u + 2*u + 4. Let t be 2/u*(1 + 5). What is the highest common factor of t and 21?
3
Suppose 16*n - 323 = 1021. Calculate the greatest common factor of 231 and n.
21
Suppose q - 4*n - 202 = 0, 3*n + 2 = -13. What is the highest common factor of q and 14?
14
Suppose -2*z = -y - 2, 4*y = 2*y + 3*z. Suppose 0 = -3*h + 2*h + 3. Suppose h*m = 0, m = -c - 0*m + 42. Calculate the greatest common divisor of c and y.
6
Let o = 10 + 1. Suppose -o - 4 = 5*v. Let l be (30*1)/(v/(-8)). What is the highest common divisor of 10 and l?
10
Let z(g) = 18*g + 49. Let t be z(-2). Calculate the greatest common divisor of 299 and t.
13
Suppose 3*r = 4*k - k - 9, -3 = -3*k - 3*r. Let g(s) = -1 + 3*s**3 + 3*s + 3*s**2 - 2 - 4*s**3. Let n be g(3). What is the greatest common divisor of k and n?
2
Let r = 202 + -98. Let h = -50 + r. Let i = h - 30. Calculate the highest common factor of 12 and i.
12
Let i(q) = -q + 4. Let a be i(2). Suppose -a*l + 165 = 4*g + g, 75 = 2*g - l. Calculate the highest common divisor of 175 and g.
35
Suppose -5*b + 19 + 6 = 0. Suppose -b*h = -h. Let n = h + 7. What is the greatest common factor of n and 1?
1
Let v(m) = 5*m + 8. Let r be v(-4). Let c = r + 1. Let q = 11 - c. Calculate the highest common divisor of q and 11.
11